factors of d.
2, 13, 881
Suppose 3*n + 35 = 3*a - 4*a, a + 2 = 0. Let w(t) = 6*t + 18. Let f be w(n). Let b = 21 - f. List the prime factors of b.
3, 23
List the prime factors of (-760*(-9)/27)/((-634)/318 - -2).
2, 5, 19, 53
Suppose -2*w - 4*q + 12 = 0, -w - 2*w - 4*q = -20. Let l be 3/(48/956)*w/2. List the prime factors of (-2)/(-10) - l/(-10)*2.
2, 3
Suppose -4*a + r - 443 = -3*a, -3*r - 451 = a. Let g = a - -1093. What are the prime factors of g?
2, 3
Let y(x) = -28*x + 6*x + 2 + 19 - x**2 + 3*x**2. Let c be y(11). Let p = c - -8. List the prime factors of p.
29
Let o be (-33)/(-44) - 6/8. Suppose -906 = -4*h - o*d + d, -464 = -2*h - 5*d. Suppose 3*f = h - 20. List the prime factors of f.
3, 23
Let r = -1 - -3. Suppose 2*n + 344 = 4*q, r*q + 176 = -0*n - n. Let j = 250 + n. List the prime factors of j.
2, 19
Suppose -3*i + 0*i + 3*a = -651, 5*a - 199 = -i. Suppose -2*o = 4*l - 414, i = 5*o + l - 857. Let x = 322 - o. What are the prime factors of x?
107
Suppose 5*g - 15*g + 40 = 0. Let i(o) = 5*o - 2. Let n be i(g). Suppose -21*l = -n*l - 273. List the prime factors of l.
7, 13
List the prime factors of (-5201714)/(-671) + (-8)/44.
2, 3, 17, 19
Let z(l) = -800*l**3 - 3*l**2 - 111*l - 484. List the prime factors of z(-4).
2, 6389
Suppose -96306 = -10*n + 122514. List the prime factors of n.
2, 3, 7, 521
Suppose 1631 + 30053 = 2*f. What are the prime factors of f?
2, 89
Let t = 116 - 138. Let w(q) = -26*q + 207. What are the prime factors of w(t)?
19, 41
Let c(q) = -q**3 + 11*q**2 - 6*q + 40. Suppose -8*b + 43 + 37 = 0. List the prime factors of c(b).
2, 5
Suppose -387*l + 383*l = -156284. List the prime factors of l.
89, 439
Let n(d) = 8*d + 13. Let k be -1 - 1*(-1 + 2 + -2). Suppose 5*q - m - 4*m = 35, 2*q - m - 14 = k. What are the prime factors of n(q)?
3, 23
Let k = 1910 + -1206. List the prime factors of k.
2, 11
Let j(f) = f**2 - 32*f + 31. Let v be j(31). Suppose 4*n = 2*m + 243 + 295, -4*m - 4 = v. List the prime factors of n.
2, 67
Let q(x) = 111*x + 33. Let w = -115 - -124. What are the prime factors of q(w)?
2, 3, 43
Let c(u) = 4*u**3 + 19*u**2 - 3*u - 12. Let t be c(-6). Let h = 267 + t. List the prime factors of h.
3, 31
Let i(v) = 34*v + 98. What are the prime factors of i(12)?
2, 11, 23
Let q = 35815 + -5590. List the prime factors of q.
3, 5, 13, 31
Let n be 175 - (-2 - (2 - 5)). Let c(r) = r**3 - 10*r**2 + 19*r - 179. Let v be c(12). Let y = v - n. What are the prime factors of y?
163
Let i = 80489 - 40016. What are the prime factors of i?
3, 1499
Let v(m) = m**2 - 6*m - 1. Let o be v(6). What are the prime factors of (-1150)/50*((-1 - o) + -9)?
3, 23
Suppose 166*o - 174*o + 3053 = -3995. List the prime factors of o.
881
Let l = 67 - 42. Let z = -22 + l. List the prime factors of (3/5)/(z/225).
3, 5
List the prime factors of ((-1872)/260)/(((-2)/(-8070))/(-1)).
2, 3, 269
List the prime factors of 6 + (8658/30)/((-7)/(-35)).
3, 7, 23
Let o(n) = 3*n - 6*n + 4 - 3 + 3*n**2. Suppose -362*r - 301*r + 2502 = -246*r. What are the prime factors of o(r)?
7, 13
Suppose 2*i - 2*l = 3924, 0*l + 2 = 2*l. Let z = 2850 - i. List the prime factors of z.
887
What are the prime factors of (105 - 114) + (36277 - (0 + 1))?
3, 7, 11, 157
Let s(a) = -27*a**3 - 8*a**2 + 46*a + 943. List the prime factors of s(-13).
2, 37, 197
Suppose 120*u - 17403 - 486117 = 0. What are the prime factors of u?
2, 1049
Suppose 2*m = k + 6, 0 = 2*k - 3*m + 7. Suppose -k*h + 2*h = 0. Suppose 4*q + q - 340 = 5*g, h = 5*g - 15. List the prime factors of q.
71
Let i(q) = q - 2. Let v be i(4). Suppose x + 6 = v*x. Let s = x - 4. What are the prime factors of s?
2
Let i(q) be the second derivative of 3*q**4/4 - 7*q**3/3 - 80*q**2 + 21*q - 1. What are the prime factors of i(-6)?
2, 31
Let b(m) = 11*m + 18. Let l(s) = 5*s + 9. Let d(i) = 3*b(i) - 7*l(i). Let n be d(3). What are the prime factors of (18/6 + 42/(-10))*n?
2, 3
Suppose 3*z - 4 = -2*y, -5*z + 0*z = 3*y - 7. List the prime factors of z - ((-12)/(-9))/((-5)/90).
2, 13
Suppose -14 = 9*x - 41. Suppose 0 = 3*q - 0*q - 9, l - 1555 = x*q. List the prime factors of l.
2, 17, 23
Let w(b) = 3*b**3 - 2*b. Let m be w(-1). Let a(r) = -328*r**3 + 5*r**2 + 6*r + 1. List the prime factors of a(m).
2, 41
Let b(z) = -2*z - 9. Let h be b(-6). Suppose 8 - h = p. Suppose r + p*r - 552 = 0. What are the prime factors of r?
2, 23
Suppose 2*w + 56998 = 4*w. Suppose 0 = -42*a + w - 1283. List the prime factors of a.
2, 3
Let b(a) = a**3 + 8*a**2 - 6*a - 6. Let z(i) = -i**3 + i - 1. Let q be z(0). Let t = -5 + q. What are the prime factors of b(t)?
2, 3, 17
Let v(z) = z**3 + 85*z**2 - 411*z + 605. List the prime factors of v(-86).
5, 5711
Let q = 638 - 107. Let w = 15 + -15. Suppose -5*f + 2*n + q = w, 2*n + 405 = 4*f + 7*n. List the prime factors of f.
3, 5, 7
Suppose 4*x = y - 1788, 9*x = 4*x + 5*y - 2235. Let d = -184 - x. What are the prime factors of d?
263
Let t(x) = 40*x**2 + 88*x + 2007. List the prime factors of t(-17).
12071
Suppose 236*u + 4*h = 232*u + 158840, 0 = -2*u - 3*h + 79427. What are the prime factors of u?
39703
Let i(m) = -901*m - 2029. What are the prime factors of i(-42)?
59, 607
Let z(h) = h**3 - 5*h**2 + 5*h + 12. Let d be z(0). Let u(n) be the first derivative of n**4/4 - 10*n**3/3 - 8*n**2 - 10*n - 3. List the prime factors of u(d).
2, 43
Let d(h) = 2*h**2 - 47*h - 599. What are the prime factors of d(61)?
2, 7, 71
Let c(b) = -39*b**3 + 4*b**2 - 180*b - 1013. What are the prime factors of c(-6)?
5, 11, 157
Suppose -96*m - 13*m + 4875134 = 0. What are the prime factors of m?
2, 11, 19, 107
Suppose m + 259776 + 724344 = 41*m. List the prime factors of m.
3, 59, 139
Let t(h) = -6*h. Let a(c) = c - 17. Let s be a(17). Let l be t(s). Suppose l = 3*i - 3*p + 72 - 636, -4*i = 3*p - 752. What are the prime factors of i?
2, 47
Let d(g) = g**2 + 2*g - 1. Let h be d(-2). Let c(b) = 18 + 3 - 20 - 121*b. List the prime factors of c(h).
2, 61
Let m(g) = -157*g + 434. What are the prime factors of m(-35)?
7, 11
Let c(n) = -n + 4. Suppose 3*j - 2 = -o, -o - j - 6 = -4*o. Let q be c(o). Suppose -4*d + 5*v + 207 = -139, q*v + 174 = 2*d. What are the prime factors of d?
89
Let n(y) = y**3 - 21*y**2 + 20*y + 2. Let j be n(20). Suppose j*r + 2941 = 19*r. What are the prime factors of r?
173
Suppose 54516 = 2*p + 1624*q - 1626*q, -p + 27300 = 5*q. What are the prime factors of p?
5, 7, 19, 41
What are the prime factors of 108/2322 + 1151023/(-86)*-4?
2, 7, 239
Let q = -894 + 927. Suppose -q*n + 27802 + 35624 = 0. List the prime factors of n.
2, 31
Let k = -374 + 428. What are the prime factors of (k/(-63))/(4/(-1708))?
2, 3, 61
Let o = -31 + 43. Let c(k) = 7*k + 3. Let g be c(4). Suppose g*t + o = 34*t. List the prime factors of t.
2
Let n = 7 + -16. Let j be (6 + -2)*n/(-3). Suppose 5*h - h + 84 = o, 0 = -4*h - j. What are the prime factors of o?
2, 3
Let i(m) = 3*m - 3. Let x be i(1). Suppose -2*f = -x*g - 2*g - 44, -4*f + 92 = -5*g. Suppose 29*l = 32*l - f. What are the prime factors of l?
2, 3
Suppose -6*q - 9*q - 90 = 0. Let c be (4*(-153)/q)/((-1)/(-7)). Suppose -14*j + 20*j - c = 0. What are the prime factors of j?
7, 17
Suppose -23422 = -3*y + 4*t, 3*y - 1207*t + 1211*t = 23414. List the prime factors of y.
2, 3, 1301
Let v = 142 - 142. Let m(q) = -q**3 - 2*q**2 - 2*q + 353. What are the prime factors of m(v)?
353
List the prime factors of (36 - 2262/104)*1432/6.
19, 179
Let r = -4 + 7. Suppose 0 = -4*w + r*y + 90 + 642, -y = 3*w - 562. List the prime factors of w.
2, 3, 31
What are the prime factors of (-5 + 6)/((-202389)/25299 - -8)?
3, 937
Suppose a - 3*a + 5*p = -2253, 5*p = -25. Suppose 0 = 11*k - a + 289. List the prime factors of k.
3, 5
Let t(i) = -i**2 + 15*i - 45. Let h be t(10). Suppose 3 + h = 4*k. Suppose -k*v + 1820 = 12*v. What are the prime factors of v?
2, 5, 13
Let x(u) = 97*u**2 - 11*u + 168. List the prime factors of x(9).
2, 3, 1321
Let b(h) = -3*h**2 - 78*h + 11. Let i = 153 - 175. List the prime factors of b(i).
5, 11
Let y(t) = -41641*t - 43. List the prime factors of y(-1).
2, 3, 2311
Suppose 5*u - 4 = -14. Let b(c) = -43*c + 6. Let n(d) = 86*d - 12. Let w(s) = -5*b(s) - 3*n(s). List the prime factors of w(u).
2, 23
Suppose -6*q + 540 = -2*q. Let a = 39 + -18. Suppose -a*n + 24*n - q = 0. Wh